 f(r).
-9
Let f = -377 - -382. Let r(s) = -10*s**3 + 7*s**3 + 6*s - s + 2*s**3 + 4*s**2. Give r(f).
0
Let x(n) = -4*n + 6 + 3*n + 6. Let t(q) be the first derivative of -q**4/4 - 11*q**3/3 + 9*q - 48. Let l be t(-11). What is x(l)?
3
Let n(l) = -32*l + l**3 + 13 - 17*l**2 + 8 + 23*l - 10*l. Let z be n(18). Let r(s) = -s + 3. What is r(z)?
0
Suppose -3*y - 4*g = -34, y + 8*g - 4*g = 14. Suppose y*r + 17 = 47. Let f(l) = l + 4. Determine f(r).
7
Let j(s) = -s**2 + 5*s + 1. Let t be (5 + 1)*(1 + 4). Suppose -2 = t*m - 152. Calculate j(m).
1
Let n = -323 + 381. Let o(v) = -14 - 4 - 61*v + 16 + n*v + 5*v**2. What is o(-1)?
6
Let i be (-2)/(2/6*-3). Let b(q) be the first derivative of -q**4/4 - 2*q**3/3 - 3*q**2/2 + 3*q - 1. Give b(i).
-19
Let m(v) = 8*v + 10. Suppose 229*j + 63 = 236*j. Determine m(j).
82
Let v be 159/6 - (-5)/(-10). Let r(t) = 19 - 16 + 22*t - v*t. Let a = -4 - -7. Determine r(a).
-9
Let h(c) be the third derivative of c**6/120 - c**5/20 - c**4/8 - c**3/3 + 3*c**2. Let k be (-1)/(-4) + (165/60 - -1). What is h(k)?
2
Let g = 6205 - 6210. Let t(h) = h**3 + 3*h**2 - 2*h - 11. What is t(g)?
-51
Let u(y) = 28*y + 70. Let z(q) = -17*q - 52. Let s(f) = 2*u(f) + 3*z(f). Let g(p) = -p**2 - 7*p - 1. Let c be g(-6). Give s(c).
9
Let i(c) = 0*c + c - 2*c - 16. Let g be (21/(-28))/(6/(-16)). Let u(o) = -2*o**2 + 14*o - 27. Let s be u(g). Give i(s).
-9
Let a(h) = h**2 - 10*h + 9. Let b(y) = 2*y + 91. Let u be b(-34). Suppose 12*f - u = 85. Give a(f).
0
Let n(b) = 14*b + 13 + 8*b - 31 - 23*b - 7. Suppose -5*l - 95 = u, -5*u = 2*l - 3*l + 7. What is n(l)?
-7
Let y(p) = 5*p**3 - 4*p**2 - 6*p - 9. Let d(b) = 6*b**3 - 4*b**2 - 7*b - 10. Let v(z) = 4*d(z) - 5*y(z). Let l = 35899 - 35895. Determine v(l).
13
Let m(z) be the third derivative of z**6/120 - z**5/20 + z**3/6 - 2*z**2. Let v(u) = 5*u**2 - 125*u - 1117. Let f be v(-7). What is m(f)?
1
Let d(k) = k**2 - k + 15. Suppose 318 = -4*n + 58. Let a be 13/n*(0 - 0). What is d(a)?
15
Let t(h) be the first derivative of h**4/4 + 4*h**3/3 + h**2/2 - 4*h + 3. Let r = -7950 - -7948. What is t(r)?
2
Let a = -29 - -33. Suppose 4*k + 0*k - 2*i = -2, 5*k = 3*i - a. Let c(n) = 5 + 4*n - 1 - 1 + k. Determine c(-4).
-12
Let t(h) = h**2 + 5*h - 6. Let f(z) = z**2 + 5*z - 7. Let d(w) = -4*f(w) + 5*t(w). Let x be d(-3). Let r(u) = 38*u + 0 + 31*u + 0 - 68*u. Give r(x).
-8
Let g(b) = b**3 - b**2 + b + 2. Let c = 193 - 122. Let j be 0/(-2) + 0 + 142/c. Give g(j).
8
Let z(b) be the third derivative of -7/24*b**4 + 0*b**3 + 0*b + 69*b**2 + 0. What is z(-1)?
7
Let s(u) = u + 3. Suppose 16 = 3*w + 10. Let y be w/(-1)*9/6. Let b = y + -2. Determine s(b).
-2
Let u = 4 - 20. Suppose w - o = 16, -20 = -4*w + 3*w + 5*o. Let a = w + u. Let c(y) = 11*y**3 + 2*y**2 - 1. Give c(a).
-10
Let o be 0 + (-1)/(1/(-2)). Suppose -o = t + 1. Let i(b) = -182 + 360 - 180 + 16*b**2 - 17*b**2 - 4*b. Determine i(t).
1
Let a(z) = -7*z - 1. Let b(o) = -o**2 - 8*o - 1. Let t(w) = -4*a(w) + 3*b(w). Let h = 26889 - 26885. Determine t(h).
-31
Let t(o) = -o**3 + 12*o**2 + o - 5. Suppose -45 = -4*p + 27. Suppose -p = -4*a - 6, a - 11 = -4*s. Suppose 2*k = 7*f - 8*f + 12, s*f - 24 = k. Give t(f).
7
Let k(i) = -i**3 - i**2 + i - 4. Let t be k(0). Let d(c) be the first derivative of c**3/3 + 2*c**2 + 6*c + 43583. Calculate d(t).
6
Let a(b) be the first derivative of -2*b**3/3 + b**2 - 2*b - 2. Let f(s) = -s**2 - 10*s - 16. Let z be f(-7). Suppose 42 - 32 = z*v. Determine a(v).
-6
Let y(f) = 5*f**2 + 4*f + 5. Let s(b) = 26*b**2 + 23*b + 23. Let v(r) = 2*s(r) - 11*y(r). Determine v(0).
-9
Suppose 4*m = 16 + 16. Suppose 0 = -4*v + m, -5*v - 2 = -3*p - 0. Let o(j) = j**3 - 5*j**2 + j - 1. Determine o(p).
-13
Let m(v) = -v**3 - 2*v**2 - 3*v - 4. Let j be m(-2). Suppose -j*w - 42 = -9*w. Let u(s) = w*s + 2*s - 5 + 3 - 7*s. Determine u(-9).
-11
Let s(x) be the second derivative of -x**4/6 + 7*x**3/2 + x**2 - 1669*x. What is s(9)?
29
Suppose -9*v + 18*v + 0*v = 0. Let p(c) be the first derivative of -c**4/4 + c**3/3 - c**2/2 - 9*c + 38. What is p(v)?
-9
Let q(o) be the first derivative of -o**5/120 + o**4/8 + o**3/3 + 9*o**2/2 - 74. Let j(b) be the third derivative of q(b). What is j(13)?
-10
Let r(y) = 15*y**2 + y**3 - 31 - 6*y**2 + y + 85 - 31 - 24. Give r(-9).
-10
Let i(q) = q**2 - 4*q - 2. Suppose 0 = x + x - 10. Let v be i(x). Let c(d) = 2981*d - 5986*d + 3000*d + 3*d**2 - 2*d**2. What is c(v)?
-6
Suppose -3*f + 19 = 36*h - 31*h, -2*f + 6 = 2*h. Let k(y) = y**3 + 4*y**2 - 8*y. Let d(p) = -2*p**3 - 4*p**2 + 9*p. Let o(q) = h*d(q) + 6*k(q). What is o(2)?
-22
Let y(n) = -2*n - 52. Let a = 21836 + -21855. What is y(a)?
-14
Let d(b) be the third derivative of -b**5/60 + 4*b**3/3 + 38*b**2 + b. Suppose 3*z - 4*z - 6 = s, 4*s + 3*z = -24. Determine d(s).
-28
Let k(q) = q**2 + q - 212. Suppose -148*d + 144*d + v = -54, -v - 82 = -6*d. Calculate k(d).
-2
Let h = 10 + -3. Suppose -p - 4 = -h. Let b(u) = -25*u**3 + 7*u**3 - 2*u - 3*u**2 + 9*u**p + 7*u**3. Determine b(-2).
8
Let g = -2033 - -2030. Let u(h) be the first derivative of h**3 + 2*h**2 - h + 7. What is u(g)?
14
Let n(c) = -4*c + 6*c**3 - 3*c**2 - 8 + c**3 - 3*c**3 - c**3. Let d(s) = s**3 - 1. Suppose 7 = 4*g + 3. Let w(y) = g*n(y) - 4*d(y). Determine w(-3).
8
Suppose 5*m - 4*v + 1153 = 0, -v + 918 = -0*m - 4*m. Let i = m + 341. Let p(r) = -r + 1. Let d(o) = 32*o - 28. Let w(k) = i*p(k) + 4*d(k). Calculate w(-1).
-16
Let r(y) = y**2 + 2*y + 6. Suppose 0 = 14*f + 24 + 18. Determine r(f).
9
Let j(g) = 39*g**2 + 15*g**2 - 3*g + 56*g - 3 + g**3. Calculate j(-53).
-3
Suppose p = 1 - 1. Suppose -9 = -3*r + 3*o, 5*r + o - 39 = -p*r. Let u(b) = -b**3 + 4*b - 6*b**2 - 3*b - 2*b + r + 2*b**3. Determine u(5).
-23
Let k(y) = -17*y**2 - y + 1. Suppose 4*u = -2*d + u - 4, u - 27 = 5*d. Let h be -3 + 2 - 80/d. Let b be 0 - -1*1*(h + -14). Determine k(b).
-17
Let p be (-1)/3 - (-35)/(-3). Let o be (8/p)/((-1)/6). Let x(i) = 5*i + 0 - o - i - 2*i. What is x(3)?
2
Let i(z) = 2*z + z**3 - z + 0*z**2 - 1 - 2*z**2. Let v = 3707 + -3704. What is i(v)?
11
Let v(m) = 16471*m + 131765. Let k be v(-8). Let f(r) = -r**3 - 2*r**2 - 4*r - 9. Let h(l) = -l - 1. Let p(b) = -f(b) + 5*h(b). Give p(k).
-2
Let v(f) = f**2 + 21*f + 33. Suppose 71 = x + 78. Give v(x).
-65
Suppose -36*n = -42*n - 24. Let d(u) be the first derivative of -1/4*u**4 - u - 18 - 2*u**2 - 4/3*u**3. What is d(n)?
15
Suppose 2*u + 22 = 61*r - 64*r, -r + u = -6. Let m(b) = 29*b + 6. Determine m(r).
-52
Let c(t) = -12*t - 195. Let m be (-21 - -4) + -2 - 9/(-3). Calculate c(m).
-3
Let i(y) = y - 6. Suppose 76*a - 884 = 72*a. Let w = a - 214. Give i(w).
1
Let z(d) be the third derivative of -d**6/40 - d**5/60 + 2*d**3/3 + 46*d**2. Let p(q) = 12*q**3 + 3*q**2 + q - 17. Let t(b) = -2*p(b) - 9*z(b). Determine t(2).
30
Let q(p) = 25*p - 3. Let m(j) = -13*j + 1. Let l(x) = -5*m(x) - 2*q(x). Let n be -1205*(-3)/135 - 4/(-18). Suppose n = 6*h + 33. What is l(h)?
-14
Let w(g) = g**2 + 11*g + 20. Let b(f) = -f**3 + 13*f**2 + 26*f - 464. Let o be b(12). What is w(o)?
-4
Let n(c) = 15 + 7*c - 15*c - 5*c - c + 42. Calculate n(5).
-13
Let o(p) be the second derivative of p**3 + 65*p**2/2 + 13*p - 70. Calculate o(-11).
-1
Let x(w) = -32*w - 225. Let u be x(-7). Let i(c) = -48*c + 3 + 98*c - 43*c. Determine i(u).
-4
Let s(l) = -5*l + 2. Let i(y) = y + 2. Let t(o) = 4*o - 21. Let g(p) = 3*i(p) - t(p). Let c be g(26). What is s(c)?
-3
Let a(s) = s**2 - 6*s. Suppose -1772 = -3*g + 4*d, -2*d - 473 + 1659 = 2*g. Suppose 9*w - g = -556. Determine a(w).
-8
Let q(c) = c**2 + c - 4. Let t = -171 - -175. Suppose -3*b - 2*z + 5*z + 3 = 0, -t*z - 20 = 0. Calculate q(b).
8
Let g(x) be the first derivative of -x**4/4 + 4*x**3/3 + 23*x**2/2 - 3*x + 2624. Give g(6).
63
Let q(t) = t**2 - 11*t - 13. Let d(z) = z**3 - 19*z**2 - 21*z + 32. Let m be d(20). Let y be q(m). Let r(j) = -5*j - 1. Determine r(y).
4
Suppose -3*o + 2*o = -2*y + 19, 5*o - 10 = -5*y. Suppose 1 = -3*w + y. Let t(n) = 19*n - n**w + 5 - 11*n + 0. Give t(7).
12
Let l(h) = 9*h - 163*h**2 + 130 - 17*h - 12*h + 162*h**2. Calculate l(-25).
5
Let h(q) = -q - 2. Let z(x) = -x**3 + 6*x**2 + 6*x + 11. Let f be z(7). Let o(a) be the third derivative of -a**4/24 + 2*a**2. Let r be o(f). What is h(r)?
2
Suppose -386 + 71 = 45*d. Let f(u) = u**3 - 